, 947, 2029
List the prime factors of 8025133.
43, 193, 967
List the prime factors of 38610.
2, 3, 5, 11, 13
List the prime factors of 266382.
2, 3, 4933
List the prime factors of 313366.
2, 156683
List the prime factors of 17051406.
2, 3, 233, 12197
What are the prime factors of 1410284?
2, 271, 1301
List the prime factors of 11202903.
3, 29, 42923
What are the prime factors of 119736?
2, 3, 1663
List the prime factors of 380469.
3, 126823
What are the prime factors of 3796155?
3, 5, 11, 7669
List the prime factors of 481421.
47, 10243
What are the prime factors of 1826533?
73, 131, 191
What are the prime factors of 3331348?
2, 832837
List the prime factors of 832030.
2, 5, 83203
List the prime factors of 15342502.
2, 7, 199, 5507
What are the prime factors of 29078303?
19, 83, 18439
What are the prime factors of 421669?
71, 5939
List the prime factors of 2562377.
41, 62497
What are the prime factors of 1025849?
11, 179, 521
List the prime factors of 882146.
2, 441073
What are the prime factors of 1407162?
2, 3, 234527
What are the prime factors of 11859121?
53, 223757
List the prime factors of 1022722.
2, 511361
List the prime factors of 1624839.
3, 541613
List the prime factors of 246548.
2, 61637
What are the prime factors of 156900?
2, 3, 5, 523
What are the prime factors of 47316?
2, 3, 3943
List the prime factors of 148210.
2, 5, 14821
What are the prime factors of 5125316?
2, 7, 183047
List the prime factors of 662693.
662693
List the prime factors of 6189537.
3, 2063179
List the prime factors of 5615193.
3, 257, 7283
List the prime factors of 182038.
2, 91019
List the prime factors of 4700920.
2, 5, 7, 103, 163
List the prime factors of 159743.
31, 5153
List the prime factors of 2412923.
59, 40897
List the prime factors of 66499.
66499
What are the prime factors of 503259?
3, 227, 739
List the prime factors of 3185051.
3185051
List the prime factors of 4620469.
7, 660067
What are the prime factors of 2306835?
3, 5, 51263
List the prime factors of 577635.
3, 5, 97, 397
What are the prime factors of 295502?
2, 71, 2081
List the prime factors of 1282201.
1282201
List the prime factors of 1468988.
2, 443, 829
What are the prime factors of 9615205?
5, 1097, 1753
List the prime factors of 282520.
2, 5, 7, 1009
What are the prime factors of 141962?
2, 70981
List the prime factors of 6605528.
2, 113, 7307
List the prime factors of 11251334.
2, 5625667
What are the prime factors of 314628?
2, 3, 157, 167
List the prime factors of 348330.
2, 3, 5, 17, 683
List the prime factors of 6536026.
2, 7, 466859
What are the prime factors of 43537?
13, 17, 197
What are the prime factors of 562655?
5, 43, 2617
What are the prime factors of 598569?
3, 199523
List the prime factors of 1001128.
2, 125141
List the prime factors of 4973979.
3, 17, 5737
List the prime factors of 759471.
3, 253157
List the prime factors of 4204336.
2, 71, 3701
List the prime factors of 1815160.
2, 5, 23, 1973
What are the prime factors of 4505067?
3, 7, 43, 1663
List the prime factors of 120628.
2, 53, 569
What are the prime factors of 381748?
2, 19, 5023
List the prime factors of 4541004.
2, 3, 13, 31, 313
List the prime factors of 10982753.
23, 477511
List the prime factors of 71276.
2, 103, 173
List the prime factors of 1011474.
2, 3, 18731
List the prime factors of 1877475.
3, 5, 25033
What are the prime factors of 274836?
2, 3, 37, 619
What are the prime factors of 278329?
278329
What are the prime factors of 29386234?
2, 17, 864301
What are the prime factors of 1781129?
7, 254447
What are the prime factors of 23674498?
2, 23, 29, 17747
What are the prime factors of 987?
3, 7, 47
List the prime factors of 9615219.
3, 23, 331, 421
What are the prime factors of 1321852?
2, 7, 17, 2777
What are the prime factors of 210234?
2, 3, 37, 947
List the prime factors of 4065255.
3, 5, 30113
What are the prime factors of 231751?
13, 17827
List the prime factors of 3971551.
19, 209029
What are the prime factors of 1422226?
2, 13, 19, 2879
What are the prime factors of 910839?
3, 303613
List the prime factors of 1797929.
7, 419, 613
List the prime factors of 5278234.
2, 13, 89, 2281
List the prime factors of 142789.
142789
What are the prime factors of 92958?
2, 3, 15493
List the prime factors of 1564057.
11, 29, 4903
List the prime factors of 1877994.
2, 3, 101, 1033
What are the prime factors of 3241537?
13, 389, 641
List the prime factors of 9304181.
9304181
List the prime factors of 10086269.
353, 28573
List the prime factors of 116992.
2, 457
List the prime factors of 340198.
2, 170099
List the prime factors of 9866572.
2, 773, 3191
What are the prime factors of 2088066?
2, 3, 348011
What are the prime factors of 109499?
13, 8423
What are the prime factors of 94120?
2, 5, 13, 181
What are the prime factors of 782552?
2, 23, 4253
List the prime factors of 2942022.
2, 3, 23, 21319
List the prime factors of 1650390.
2, 3, 5, 7, 29, 271
List the prime factors of 14259473.
31, 383, 1201
List the prime factors of 13689137.
7, 11, 139, 1279
What are the prime factors of 488683?
13, 37591
List the prime factors of 1749868.
2, 437467
What are the prime factors of 4225481?
13, 43, 7559
List the prime factors of 609875.
5, 7, 17, 41
List the prime factors of 14138407.
17, 67, 12413
What are the prime factors of 4634547?
3, 1544849
List the prime factors of 1481962.
2, 19, 59, 661
List the prime factors of 192092.
2, 48023
List the prime factors of 627355.
5, 125471
What are the prime factors of 1227757?
17, 72221
What are the prime factors of 12847825?
5, 131, 3923
List the prime factors of 903731.
43, 21017
List the prime factors of 541211.
11, 49201
What are the prime factors of 59741?
11, 5431
What are the prime factors of 1221792?
2, 3, 11, 13, 89
What are the prime factors of 24359630?
2, 5, 47, 51829
List the prime factors of 154727.
154727
List the prime factors of 543514.
2, 19, 14303
List the prime factors of 501807.
3, 167269
List the prime factors of 3064136.
2, 607, 631
List the prime factors of 242498.
2, 29, 37, 113
List the prime factors of 1509936.
2, 3, 83, 379
What are the prime factors of 221409?
3, 73, 337
List the prime factors of 25054169.
7, 31, 263, 439
List the prime factors of 485469.
3, 17, 19, 167
List the prime factors of 2328889.
2328889
What are the prime factors of 2860528?
2, 11, 16253
List the prime factors of 114233.
7, 16319
List the prime factors of 353390.
2, 5, 35339
What are the prime factors of 190259?
61, 3119
List the prime factors of 1014608.
2, 7, 9059
List the prime factors of 557323.
13, 43, 997
List the prime factors of 249545.
5, 29, 1721
List the prime factors of 1416269.
797, 1777
What are the prime factors of 2000639?
2000639
What are the prime factors of 9314192?
2, 582137
What are the prime factors of 479166?
2, 3, 79861
List the prime factors of 764190.
2, 3, 5, 7, 1213
List the prime factors of 5897183.
5897183
List the prime factors of 3395575.
5, 71, 1913
List the prime factors of 784680.
2, 3, 5, 13, 503
List the prime factors of 127843.
127843
What are the prime factors of 479135?
5, 79, 1213
List the prime factors of 466154.
2, 13, 17929
What are the prime factors of 3583215?
3, 5, 79627
List the prime factors of 313889.
313889
What are the prime factors of 24129?
3, 7, 383
List the prime factors of 3947941.
3947941
What are the prime factors of 3383027?
1621, 2087
List the prime factors of 454982.
2, 11, 20681
List the prime factors of 1124860.
2, 5, 11, 5113
What are the prime factors of 174234?
2, 3, 71, 409
What are the prime factors of 3482132?
2, 870533
What are the prime factors of 175532?
2, 7, 6269
What are the prime factors of 86334?
2, 3, 14389
List the prime factors of 433339.
317, 1367
What are the prime factors of 603991?
19, 83, 383
What are the prime factors of 903098?
2, 7, 251, 257
List the prime factors of 10375856.
2, 61, 10631
List the prime factors of 12362907.
3, 67, 61507
What are the prime factors of 1852901?
31, 59771
List the prime factors of 6433719.
3, 97, 22109
List the prime factors of 270651.
3, 90217
What are the prime factors of 7194561?
3, 11, 23, 9479
List the prime factors of 26507941.
1637, 16193
List the prime factors of 375143.
37, 10139
What are the prime factors of 885011?
151, 5861
What